{"id":157,"date":"2024-05-10T15:39:03","date_gmt":"2024-05-10T18:39:03","guid":{"rendered":"https:\/\/dantepinturerias.com\/international\/producto\/intercure-4500\/"},"modified":"2024-06-21T22:39:43","modified_gmt":"2024-06-22T01:39:43","slug":"intercure-4500","status":"publish","type":"product","link":"https:\/\/dantepinturerias.com\/international\/producto\/intercure-4500\/","title":{"rendered":"Intercure 4500"},"content":{"rendered":"<h3>Caracter\u00edsticas<\/h3>\n<table>\n<tr>\n<td>Qu\u00edmica del Producto<\/td>\n<td>Direct to Metal Polyaspartic<\/td>\n<\/tr>\n<tr>\n<td>S\u00f3lidos de Volumen<\/td>\n<td>77<\/td>\n<\/tr>\n<tr>\n<td>Contenido VOC (m\u00e9todo EPA)<\/td>\n<td>225 g\/lt<\/td>\n<\/tr>\n<tr>\n<td>Opciones de Color<\/td>\n<td>Limited range<\/td>\n<\/tr>\n<tr>\n<td>Espesor m\u00e1ximo de pel\u00edcula seca<\/td>\n<td>250<\/td>\n<\/tr>\n<tr>\n<td>Espesor m\u00ednimo de pel\u00edcula seca<\/td>\n<td>150<\/td>\n<\/tr>\n<tr>\n<td>N\u00famero de componentes<\/td>\n<td>Multi Pack<\/td>\n<\/tr>\n<\/table>\n","protected":false},"excerpt":{"rendered":"<p>Intercure 4500, una imprimaci\u00f3n\/acabado de curado r\u00e1pido, bajo en VOC, alto contenido de s\u00f3lidos, ofrece una excelente protecci\u00f3n anticorrosiva y durabilidad est\u00e9tica a largo plazo. Basado en una innovadora tecnolog\u00eda de resina poliasp\u00e1rtica, Intercure 4500 se puede aplicar como una sola capa directamente sobre metal o sobre imprimadores adecuados para ambientes m\u00e1s corrosivos utilizando equipos de aplicaci\u00f3n est\u00e1ndar. Sus caracter\u00edsticas de curado r\u00e1pido (incluso a bajas temperaturas) ayudan a optimizar a\u00fan m\u00e1s el tiempo de aplicaci\u00f3n y reducir los costos de mano de obra. <a href=\"https:\/\/international.brand.akzonobel.com\/m\/51e780240477ec8b\/original\/Intercure_4500_spa_usa_LTR_20150205.pdf\" target=\"_blank\" class=\"btFicha\" download rel=\"noopener\">Ver Ficha T\u00e9cnica<\/a><\/p>\n","protected":false},"featured_media":158,"template":"","meta":[],"product_cat":[17],"product_tag":[],"class_list":{"0":"post-157","1":"product","2":"type-product","3":"status-publish","4":"has-post-thumbnail","6":"product_cat-acabado","8":"first","9":"instock","10":"purchasable","11":"product-type-simple"},"_links":{"self":[{"href":"https:\/\/dantepinturerias.com\/international\/wp-json\/wp\/v2\/product\/157","targetHints":{"allow":["GET"]}}],"collection":[{"href":"https:\/\/dantepinturerias.com\/international\/wp-json\/wp\/v2\/product"}],"about":[{"href":"https:\/\/dantepinturerias.com\/international\/wp-json\/wp\/v2\/types\/product"}],"wp:featuredmedia":[{"embeddable":true,"href":"https:\/\/dantepinturerias.com\/international\/wp-json\/wp\/v2\/media\/158"}],"wp:attachment":[{"href":"https:\/\/dantepinturerias.com\/international\/wp-json\/wp\/v2\/media?parent=157"}],"wp:term":[{"taxonomy":"product_cat","embeddable":true,"href":"https:\/\/dantepinturerias.com\/international\/wp-json\/wp\/v2\/product_cat?post=157"},{"taxonomy":"product_tag","embeddable":true,"href":"https:\/\/dantepinturerias.com\/international\/wp-json\/wp\/v2\/product_tag?post=157"}],"curies":[{"name":"wp","href":"https:\/\/api.w.org\/{rel}","templated":true}]}}