{"id":213,"date":"2024-05-10T15:42:11","date_gmt":"2024-05-10T18:42:11","guid":{"rendered":"https:\/\/dantepinturerias.com\/international\/producto\/interfine-1080\/"},"modified":"2024-06-21T22:38:31","modified_gmt":"2024-06-22T01:38:31","slug":"interfine-1080","status":"publish","type":"product","link":"https:\/\/dantepinturerias.com\/international\/producto\/interfine-1080\/","title":{"rendered":"Interfine 1080"},"content":{"rendered":"<h3>Caracter\u00edsticas<\/h3>\n<table>\n<tr>\n<td>Qu\u00edmica del Producto<\/td>\n<td>Acrylic Polysiloxane<\/td>\n<\/tr>\n<tr>\n<td>S\u00f3lidos de Volumen<\/td>\n<td>68<\/td>\n<\/tr>\n<tr>\n<td>Contenido VOC (m\u00e9todo EPA)<\/td>\n<td>275 g\/lt<\/td>\n<\/tr>\n<tr>\n<td>Opciones de Color<\/td>\n<td>Disponible en Chromascan<\/td>\n<\/tr>\n<tr>\n<td>Espesor m\u00e1ximo de pel\u00edcula seca<\/td>\n<td>75<\/td>\n<\/tr>\n<tr>\n<td>Espesor m\u00ednimo de pel\u00edcula seca<\/td>\n<td>50<\/td>\n<\/tr>\n<tr>\n<td>N\u00famero de componentes<\/td>\n<td>Single Pack<\/td>\n<\/tr>\n<tr>\n<td>Attributes<\/td>\n<td>Isocyanate Free<\/td>\n<\/tr>\n<\/table>\n","protected":false},"excerpt":{"rendered":"<p>Interfine 1080 es un acabado de polisiloxano acr\u00edlico de un solo componente, patentado, de alto rendimiento y bajo VOC que ofrece excelente retenci\u00f3n de color y brillo. Interfine 1080, libre de isocianatos, est\u00e1 dise\u00f1ado principalmente como una capa de acabado de mantenimiento en entornos terrestres y marinos, como exteriores de tanques, tuber\u00edas y soportes estructurales donde se requiere una apariencia cosm\u00e9tica de alto est\u00e1ndar, duradera y resistente a los rayos UV. <a href=\"https:\/\/international.brand.akzonobel.com\/m\/347d380b1c55b3a5\/original\/Interfine_1080_spa_A4_20180509.pdf\" target=\"_blank\" class=\"btFicha\" download rel=\"noopener\">Ver Ficha T\u00e9cnica<\/a><\/p>\n","protected":false},"featured_media":214,"template":"","meta":[],"product_cat":[17],"product_tag":[],"class_list":{"0":"post-213","1":"product","2":"type-product","3":"status-publish","4":"has-post-thumbnail","6":"product_cat-acabado","8":"first","9":"instock","10":"purchasable","11":"product-type-simple"},"_links":{"self":[{"href":"https:\/\/dantepinturerias.com\/international\/wp-json\/wp\/v2\/product\/213","targetHints":{"allow":["GET"]}}],"collection":[{"href":"https:\/\/dantepinturerias.com\/international\/wp-json\/wp\/v2\/product"}],"about":[{"href":"https:\/\/dantepinturerias.com\/international\/wp-json\/wp\/v2\/types\/product"}],"wp:featuredmedia":[{"embeddable":true,"href":"https:\/\/dantepinturerias.com\/international\/wp-json\/wp\/v2\/media\/214"}],"wp:attachment":[{"href":"https:\/\/dantepinturerias.com\/international\/wp-json\/wp\/v2\/media?parent=213"}],"wp:term":[{"taxonomy":"product_cat","embeddable":true,"href":"https:\/\/dantepinturerias.com\/international\/wp-json\/wp\/v2\/product_cat?post=213"},{"taxonomy":"product_tag","embeddable":true,"href":"https:\/\/dantepinturerias.com\/international\/wp-json\/wp\/v2\/product_tag?post=213"}],"curies":[{"name":"wp","href":"https:\/\/api.w.org\/{rel}","templated":true}]}}