{"id":321,"date":"2024-05-10T17:02:51","date_gmt":"2024-05-10T20:02:51","guid":{"rendered":"https:\/\/dantepinturerias.com\/international\/producto\/relest-wind-adhesion-promoter-i367-0080\/"},"modified":"2024-06-21T22:37:41","modified_gmt":"2024-06-22T01:37:41","slug":"relest-wind-adhesion-promoter-i367-0080","status":"publish","type":"product","link":"https:\/\/dantepinturerias.com\/international\/producto\/relest-wind-adhesion-promoter-i367-0080\/","title":{"rendered":"RELEST Wind Adhesion Promoter &#8211; I367-0080"},"content":{"rendered":"<h3>Caracter\u00edsticas<\/h3>\n<table>\n<tr>\n<td>Qu\u00edmica del Producto<\/td>\n<td>Poliuretano<\/td>\n<\/tr>\n<tr>\n<td>S\u00f3lidos de Volumen<\/td>\n<td>29<\/td>\n<\/tr>\n<tr>\n<td>Contenido VOC (m\u00e9todo EPA)<\/td>\n<td>g\/lt<\/td>\n<\/tr>\n<tr>\n<td>Opciones de Color<\/td>\n<td>Clear<\/td>\n<\/tr>\n<tr>\n<td>N\u00famero de componentes<\/td>\n<td>Multi Pack<\/td>\n<\/tr>\n<\/table>\n","protected":false},"excerpt":{"rendered":"<p>Promotor de adhesi\u00f3n al viento RELEST es un material de poliuretano de dos componentes dise\u00f1ado para garantizar una adhesi\u00f3n \u00f3ptima para PVC, aluminio fundido, CDC, PMAA y GRP a base de epoxi o poli\u00e9ster. Es especialmente adecuado para su uso en combinaci\u00f3n con revestimientos de protecci\u00f3n contra el desgaste para palas de rotor. <a href=\"https:\/\/international.brand.akzonobel.com\/m\/352c148e87e3a368\/original\/RELEST_Wind_Adhesion_Promoter_eng_A4_20240220.pdf\" target=\"_blank\" class=\"btFicha\" download rel=\"noopener\">Ver Ficha T\u00e9cnica<\/a><\/p>\n","protected":false},"featured_media":322,"template":"","meta":[],"product_cat":[19],"product_tag":[],"class_list":{"0":"post-321","1":"product","2":"type-product","3":"status-publish","4":"has-post-thumbnail","6":"product_cat-imprimador","8":"first","9":"instock","10":"purchasable","11":"product-type-simple"},"_links":{"self":[{"href":"https:\/\/dantepinturerias.com\/international\/wp-json\/wp\/v2\/product\/321","targetHints":{"allow":["GET"]}}],"collection":[{"href":"https:\/\/dantepinturerias.com\/international\/wp-json\/wp\/v2\/product"}],"about":[{"href":"https:\/\/dantepinturerias.com\/international\/wp-json\/wp\/v2\/types\/product"}],"wp:featuredmedia":[{"embeddable":true,"href":"https:\/\/dantepinturerias.com\/international\/wp-json\/wp\/v2\/media\/322"}],"wp:attachment":[{"href":"https:\/\/dantepinturerias.com\/international\/wp-json\/wp\/v2\/media?parent=321"}],"wp:term":[{"taxonomy":"product_cat","embeddable":true,"href":"https:\/\/dantepinturerias.com\/international\/wp-json\/wp\/v2\/product_cat?post=321"},{"taxonomy":"product_tag","embeddable":true,"href":"https:\/\/dantepinturerias.com\/international\/wp-json\/wp\/v2\/product_tag?post=321"}],"curies":[{"name":"wp","href":"https:\/\/api.w.org\/{rel}","templated":true}]}}