{"id":365,"date":"2024-05-10T17:07:24","date_gmt":"2024-05-10T20:07:24","guid":{"rendered":"https:\/\/dantepinturerias.com\/international\/producto\/cathacoat-313\/"},"modified":"2024-06-21T22:36:54","modified_gmt":"2024-06-22T01:36:54","slug":"cathacoat-313","status":"publish","type":"product","link":"https:\/\/dantepinturerias.com\/international\/producto\/cathacoat-313\/","title":{"rendered":"Cathacoat 313"},"content":{"rendered":"","protected":false},"excerpt":{"rendered":"<p>Un imprimador ep\u00f3xico rico en zinc met\u00e1lico de dos componentes que cumple con los requisitos de composici\u00f3n y rendimiento de SSPC Paint 20. <a href=\"https:\/\/international.brand.akzonobel.com\/m\/097a748633222e97\/original\/Cathacoat_313_spa_usa_LTR_20101111.pdf\" target=\"_blank\" class=\"btFicha\" download rel=\"noopener\">Ver Ficha T\u00e9cnica<\/a><\/p>\n","protected":false},"featured_media":366,"template":"","meta":[],"product_cat":[19],"product_tag":[],"class_list":{"0":"post-365","1":"product","2":"type-product","3":"status-publish","4":"has-post-thumbnail","6":"product_cat-imprimador","8":"first","9":"instock","10":"purchasable","11":"product-type-simple"},"_links":{"self":[{"href":"https:\/\/dantepinturerias.com\/international\/wp-json\/wp\/v2\/product\/365","targetHints":{"allow":["GET"]}}],"collection":[{"href":"https:\/\/dantepinturerias.com\/international\/wp-json\/wp\/v2\/product"}],"about":[{"href":"https:\/\/dantepinturerias.com\/international\/wp-json\/wp\/v2\/types\/product"}],"wp:featuredmedia":[{"embeddable":true,"href":"https:\/\/dantepinturerias.com\/international\/wp-json\/wp\/v2\/media\/366"}],"wp:attachment":[{"href":"https:\/\/dantepinturerias.com\/international\/wp-json\/wp\/v2\/media?parent=365"}],"wp:term":[{"taxonomy":"product_cat","embeddable":true,"href":"https:\/\/dantepinturerias.com\/international\/wp-json\/wp\/v2\/product_cat?post=365"},{"taxonomy":"product_tag","embeddable":true,"href":"https:\/\/dantepinturerias.com\/international\/wp-json\/wp\/v2\/product_tag?post=365"}],"curies":[{"name":"wp","href":"https:\/\/api.w.org\/{rel}","templated":true}]}}