{"id":385,"date":"2024-05-10T17:08:21","date_gmt":"2024-05-10T20:08:21","guid":{"rendered":"https:\/\/dantepinturerias.com\/international\/producto\/interzinc-52\/"},"modified":"2024-06-21T22:36:48","modified_gmt":"2024-06-22T01:36:48","slug":"interzinc-52","status":"publish","type":"product","link":"https:\/\/dantepinturerias.com\/international\/producto\/interzinc-52\/","title":{"rendered":"Interzinc 52"},"content":{"rendered":"<h3>Caracter\u00edsticas<\/h3>\n<table>\n<tr>\n<td>Qu\u00edmica del Producto<\/td>\n<td>Epoxy Zinc-Rich<\/td>\n<\/tr>\n<tr>\n<td>S\u00f3lidos de Volumen<\/td>\n<td>59<\/td>\n<\/tr>\n<tr>\n<td>Contenido VOC (m\u00e9todo EPA)<\/td>\n<td>336 g\/lt<\/td>\n<\/tr>\n<tr>\n<td>Opciones de Color<\/td>\n<td>Blue,Grey,Green<\/td>\n<\/tr>\n<tr>\n<td>Espesor m\u00e1ximo de pel\u00edcula seca<\/td>\n<td>75<\/td>\n<\/tr>\n<tr>\n<td>Espesor m\u00ednimo de pel\u00edcula seca<\/td>\n<td>50<\/td>\n<\/tr>\n<tr>\n<td>N\u00famero de componentes<\/td>\n<td>Multi Pack<\/td>\n<\/tr>\n<\/table>\n","protected":false},"excerpt":{"rendered":"<p>Con un 80% de zinc, Interzinc 52 es una imprimaci\u00f3n epoxi de dos componentes rica en zinc de alto rendimiento con excelentes propiedades de aplicaci\u00f3n. Interzinc 52 cumple con SSPC Paint 20 Nivel 2 y ha sido dise\u00f1ado para brindar m\u00e1xima protecci\u00f3n como parte de un sistema de recubrimiento anticorrosivo para acero en ambientes agresivos tanto en situaciones de mantenimiento como de nueva construcci\u00f3n <a href=\"https:\/\/international.brand.akzonobel.com\/m\/455783762e035fa4\/original\/Interzinc_52_spa_usa_LTR_20150817.pdf\" target=\"_blank\" class=\"btFicha\" download rel=\"noopener\">Ver Ficha T\u00e9cnica<\/a><\/p>\n","protected":false},"featured_media":386,"template":"","meta":[],"product_cat":[19],"product_tag":[],"class_list":{"0":"post-385","1":"product","2":"type-product","3":"status-publish","4":"has-post-thumbnail","6":"product_cat-imprimador","8":"first","9":"instock","10":"purchasable","11":"product-type-simple"},"_links":{"self":[{"href":"https:\/\/dantepinturerias.com\/international\/wp-json\/wp\/v2\/product\/385","targetHints":{"allow":["GET"]}}],"collection":[{"href":"https:\/\/dantepinturerias.com\/international\/wp-json\/wp\/v2\/product"}],"about":[{"href":"https:\/\/dantepinturerias.com\/international\/wp-json\/wp\/v2\/types\/product"}],"wp:featuredmedia":[{"embeddable":true,"href":"https:\/\/dantepinturerias.com\/international\/wp-json\/wp\/v2\/media\/386"}],"wp:attachment":[{"href":"https:\/\/dantepinturerias.com\/international\/wp-json\/wp\/v2\/media?parent=385"}],"wp:term":[{"taxonomy":"product_cat","embeddable":true,"href":"https:\/\/dantepinturerias.com\/international\/wp-json\/wp\/v2\/product_cat?post=385"},{"taxonomy":"product_tag","embeddable":true,"href":"https:\/\/dantepinturerias.com\/international\/wp-json\/wp\/v2\/product_tag?post=385"}],"curies":[{"name":"wp","href":"https:\/\/api.w.org\/{rel}","templated":true}]}}