{"id":40,"date":"2024-05-10T15:34:06","date_gmt":"2024-05-10T18:34:06","guid":{"rendered":"https:\/\/dantepinturerias.com\/international\/producto\/relest-wind-wb-topcoat-hb-i394-x5xx\/"},"modified":"2024-06-21T22:40:59","modified_gmt":"2024-06-22T01:40:59","slug":"relest-wind-wb-topcoat-hb-i394-x5xx","status":"publish","type":"product","link":"https:\/\/dantepinturerias.com\/international\/producto\/relest-wind-wb-topcoat-hb-i394-x5xx\/","title":{"rendered":"RELEST Wind WB Topcoat HB &#8211; I394-x5xx"},"content":{"rendered":"<h3>Caracter\u00edsticas<\/h3>\n<table>\n<tr>\n<td>Qu\u00edmica del Producto<\/td>\n<td>Acrylic Poliuretano<\/td>\n<\/tr>\n<tr>\n<td>S\u00f3lidos de Volumen<\/td>\n<td>46<\/td>\n<\/tr>\n<tr>\n<td>Contenido VOC (m\u00e9todo EPA)<\/td>\n<td>g\/lt<\/td>\n<\/tr>\n<tr>\n<td>Opciones de Color<\/td>\n<td>Limited range<\/td>\n<\/tr>\n<tr>\n<td>Gloss Level<\/td>\n<td>Eggshell<\/td>\n<\/tr>\n<tr>\n<td>Espesor m\u00e1ximo de pel\u00edcula seca<\/td>\n<td>120<\/td>\n<\/tr>\n<tr>\n<td>Espesor m\u00ednimo de pel\u00edcula seca<\/td>\n<td>100<\/td>\n<\/tr>\n<tr>\n<td>N\u00famero de componentes<\/td>\n<td>Multi Pack<\/td>\n<\/tr>\n<\/table>\n","protected":false},"excerpt":{"rendered":"<p>RELEST Wind WB Topcoat es un acabado bicomponente en base agua para palas de rotores de plantas de energ\u00eda e\u00f3lica y se caracteriza por su excelente resistencia a la intemperie y nivelaci\u00f3n. Una ventaja importante de este producto es la confiabilidad de su aplicaci\u00f3n con espesores de pel\u00edcula altos >100 \u03bcm de espesor de pel\u00edcula seca. <a href=\"https:\/\/international.brand.akzonobel.com\/m\/7e9a2ae334cda767\/original\/RELEST_Wind_WB_Topcoat_HB_eng_A4_20240220.pdf\" target=\"_blank\" class=\"btFicha\" download rel=\"noopener\">Ver Ficha T\u00e9cnica<\/a><\/p>\n","protected":false},"featured_media":41,"template":"","meta":[],"product_cat":[17],"product_tag":[],"class_list":{"0":"post-40","1":"product","2":"type-product","3":"status-publish","4":"has-post-thumbnail","6":"product_cat-acabado","8":"first","9":"instock","10":"purchasable","11":"product-type-simple"},"_links":{"self":[{"href":"https:\/\/dantepinturerias.com\/international\/wp-json\/wp\/v2\/product\/40","targetHints":{"allow":["GET"]}}],"collection":[{"href":"https:\/\/dantepinturerias.com\/international\/wp-json\/wp\/v2\/product"}],"about":[{"href":"https:\/\/dantepinturerias.com\/international\/wp-json\/wp\/v2\/types\/product"}],"wp:featuredmedia":[{"embeddable":true,"href":"https:\/\/dantepinturerias.com\/international\/wp-json\/wp\/v2\/media\/41"}],"wp:attachment":[{"href":"https:\/\/dantepinturerias.com\/international\/wp-json\/wp\/v2\/media?parent=40"}],"wp:term":[{"taxonomy":"product_cat","embeddable":true,"href":"https:\/\/dantepinturerias.com\/international\/wp-json\/wp\/v2\/product_cat?post=40"},{"taxonomy":"product_tag","embeddable":true,"href":"https:\/\/dantepinturerias.com\/international\/wp-json\/wp\/v2\/product_tag?post=40"}],"curies":[{"name":"wp","href":"https:\/\/api.w.org\/{rel}","templated":true}]}}