{"id":461,"date":"2024-05-10T17:13:39","date_gmt":"2024-05-10T20:13:39","guid":{"rendered":"https:\/\/dantepinturerias.com\/international\/producto\/interzone-505\/"},"modified":"2024-06-21T22:36:00","modified_gmt":"2024-06-22T01:36:00","slug":"interzone-505","status":"publish","type":"product","link":"https:\/\/dantepinturerias.com\/international\/producto\/interzone-505\/","title":{"rendered":"Interzone 505"},"content":{"rendered":"<h3>Caracter\u00edsticas<\/h3>\n<table>\n<tr>\n<td>Qu\u00edmica del Producto<\/td>\n<td>Glass Flake Epoxy<\/td>\n<\/tr>\n<tr>\n<td>S\u00f3lidos de Volumen<\/td>\n<td>90<\/td>\n<\/tr>\n<tr>\n<td>Contenido VOC (m\u00e9todo EPA)<\/td>\n<td>205 g\/lt<\/td>\n<\/tr>\n<tr>\n<td>Opciones de Color<\/td>\n<td>Limited range<\/td>\n<\/tr>\n<tr>\n<td>Espesor m\u00e1ximo de pel\u00edcula seca<\/td>\n<td>500<\/td>\n<\/tr>\n<tr>\n<td>Espesor m\u00ednimo de pel\u00edcula seca<\/td>\n<td>300<\/td>\n<\/tr>\n<tr>\n<td>N\u00famero de componentes<\/td>\n<td>Multi Pack<\/td>\n<\/tr>\n<\/table>\n","protected":false},"excerpt":{"rendered":"<p>Interzone 505, un epoxi con alto contenido de s\u00f3lidos, bajo COV y escamas de vidrio de alto espesor, es un imprimador resistente y de secado r\u00e1pido que proporciona una excelente protecci\u00f3n anticorrosiva y contra la abrasi\u00f3n a largo plazo. Interzone 505 est\u00e1 dise\u00f1ado para la protecci\u00f3n de estructuras de acero en ambientes corrosivos severos, como zonas de salpicaduras, pilotes y plantas qu\u00edmicas. NOTA: Interzone 505 dejar\u00e1 de fabricarse en 2022. El producto se est\u00e1 eliminando progresivamente con Interzone 954GF como reemplazo. Basado en el historial de Interzone 954, Interzone 954GF tiene beneficios de aplicaci\u00f3n y rendimiento en comparaci\u00f3n con Interzone 505. <a href=\"https:\/\/international.brand.akzonobel.com\/m\/43e958fa49c41f3b\/original\/Interzone_505_spa_usa_LTR_20150522.pdf\" target=\"_blank\" class=\"btFicha\" download rel=\"noopener\">Ver Ficha T\u00e9cnica<\/a><\/p>\n","protected":false},"featured_media":462,"template":"","meta":[],"product_cat":[19],"product_tag":[],"class_list":{"0":"post-461","1":"product","2":"type-product","3":"status-publish","4":"has-post-thumbnail","6":"product_cat-imprimador","8":"first","9":"instock","10":"purchasable","11":"product-type-simple"},"_links":{"self":[{"href":"https:\/\/dantepinturerias.com\/international\/wp-json\/wp\/v2\/product\/461","targetHints":{"allow":["GET"]}}],"collection":[{"href":"https:\/\/dantepinturerias.com\/international\/wp-json\/wp\/v2\/product"}],"about":[{"href":"https:\/\/dantepinturerias.com\/international\/wp-json\/wp\/v2\/types\/product"}],"wp:featuredmedia":[{"embeddable":true,"href":"https:\/\/dantepinturerias.com\/international\/wp-json\/wp\/v2\/media\/462"}],"wp:attachment":[{"href":"https:\/\/dantepinturerias.com\/international\/wp-json\/wp\/v2\/media?parent=461"}],"wp:term":[{"taxonomy":"product_cat","embeddable":true,"href":"https:\/\/dantepinturerias.com\/international\/wp-json\/wp\/v2\/product_cat?post=461"},{"taxonomy":"product_tag","embeddable":true,"href":"https:\/\/dantepinturerias.com\/international\/wp-json\/wp\/v2\/product_tag?post=461"}],"curies":[{"name":"wp","href":"https:\/\/api.w.org\/{rel}","templated":true}]}}