{"id":523,"date":"2024-05-10T17:17:53","date_gmt":"2024-05-10T20:17:53","guid":{"rendered":"https:\/\/dantepinturerias.com\/international\/producto\/interlac-789\/"},"modified":"2024-06-21T22:33:19","modified_gmt":"2024-06-22T01:33:19","slug":"interlac-789","status":"publish","type":"product","link":"https:\/\/dantepinturerias.com\/international\/producto\/interlac-789\/","title":{"rendered":"Interlac 789"},"content":{"rendered":"","protected":false},"excerpt":{"rendered":"<p>Un imprimador\/acabado alqu\u00eddico modificado de secado r\u00e1pido, de un solo componente, dise\u00f1ado para proporcionar propiedades anticorrosivas y un acabado decorativo en una sola capa. <a href=\"https:\/\/international.brand.akzonobel.com\/m\/76ab085917f67ff\/original\/Interlac_789_spa_A4_20221020.pdf\" target=\"_blank\" class=\"btFicha\" download rel=\"noopener\">Ver Ficha T\u00e9cnica<\/a><\/p>\n","protected":false},"featured_media":524,"template":"","meta":[],"product_cat":[20],"product_tag":[],"class_list":{"0":"post-523","1":"product","2":"type-product","3":"status-publish","4":"has-post-thumbnail","6":"product_cat-imprimador-acabado","8":"first","9":"instock","10":"purchasable","11":"product-type-simple"},"_links":{"self":[{"href":"https:\/\/dantepinturerias.com\/international\/wp-json\/wp\/v2\/product\/523","targetHints":{"allow":["GET"]}}],"collection":[{"href":"https:\/\/dantepinturerias.com\/international\/wp-json\/wp\/v2\/product"}],"about":[{"href":"https:\/\/dantepinturerias.com\/international\/wp-json\/wp\/v2\/types\/product"}],"wp:featuredmedia":[{"embeddable":true,"href":"https:\/\/dantepinturerias.com\/international\/wp-json\/wp\/v2\/media\/524"}],"wp:attachment":[{"href":"https:\/\/dantepinturerias.com\/international\/wp-json\/wp\/v2\/media?parent=523"}],"wp:term":[{"taxonomy":"product_cat","embeddable":true,"href":"https:\/\/dantepinturerias.com\/international\/wp-json\/wp\/v2\/product_cat?post=523"},{"taxonomy":"product_tag","embeddable":true,"href":"https:\/\/dantepinturerias.com\/international\/wp-json\/wp\/v2\/product_tag?post=523"}],"curies":[{"name":"wp","href":"https:\/\/api.w.org\/{rel}","templated":true}]}}