{"id":525,"date":"2024-05-10T17:17:53","date_gmt":"2024-05-10T20:17:53","guid":{"rendered":"https:\/\/dantepinturerias.com\/international\/producto\/intercure-99na\/"},"modified":"2024-06-21T22:33:19","modified_gmt":"2024-06-22T01:33:19","slug":"intercure-99na","status":"publish","type":"product","link":"https:\/\/dantepinturerias.com\/international\/producto\/intercure-99na\/","title":{"rendered":"Intercure 99NA"},"content":{"rendered":"","protected":false},"excerpt":{"rendered":"<p>La tecnolog\u00eda poliasp\u00e1rtica Intercure 99NA se aplica como una sola capa a 150-250 micrones (6-10 mils) directamente sobre metal usando equipo de aplicaci\u00f3n est\u00e1ndar, lo que reduce el tiempo de aplicaci\u00f3n y los costos de mano de obra en comparaci\u00f3n con aplicaciones de dos capas en ambientes moderadamente corrosivos (hasta C3, ISO 12944-2). Intercure 99NA es un imprimador\/acabado de curado r\u00e1pido, bajo en COV y alto contenido de s\u00f3lidos, que ofrece una excelente protecci\u00f3n anticorrosiva y una durabilidad de color y brillo a largo plazo, una combinaci\u00f3n que no se puede lograr con alternativas. Acabados de imprimaci\u00f3n de una sola capa de curado r\u00e1pido. Intercure 99NA tambi\u00e9n se puede especificar como un acabado\/intermedio duradero y de alto espesor sobre imprimaciones anticorrosivas aprobadas para ambientes m\u00e1s agresivos, es decir, ISO 12944 C4 y C5M. <a href=\"https:\/\/international.brand.akzonobel.com\/m\/6e89dc4c083946c9\/original\/Intercure_99NA_eng_usa_LTR_20150205.pdf\" target=\"_blank\" class=\"btFicha\" download rel=\"noopener\">Ver Ficha T\u00e9cnica<\/a><\/p>\n","protected":false},"featured_media":526,"template":"","meta":[],"product_cat":[20],"product_tag":[],"class_list":{"0":"post-525","1":"product","2":"type-product","3":"status-publish","4":"has-post-thumbnail","6":"product_cat-imprimador-acabado","8":"first","9":"instock","10":"purchasable","11":"product-type-simple"},"_links":{"self":[{"href":"https:\/\/dantepinturerias.com\/international\/wp-json\/wp\/v2\/product\/525","targetHints":{"allow":["GET"]}}],"collection":[{"href":"https:\/\/dantepinturerias.com\/international\/wp-json\/wp\/v2\/product"}],"about":[{"href":"https:\/\/dantepinturerias.com\/international\/wp-json\/wp\/v2\/types\/product"}],"wp:featuredmedia":[{"embeddable":true,"href":"https:\/\/dantepinturerias.com\/international\/wp-json\/wp\/v2\/media\/526"}],"wp:attachment":[{"href":"https:\/\/dantepinturerias.com\/international\/wp-json\/wp\/v2\/media?parent=525"}],"wp:term":[{"taxonomy":"product_cat","embeddable":true,"href":"https:\/\/dantepinturerias.com\/international\/wp-json\/wp\/v2\/product_cat?post=525"},{"taxonomy":"product_tag","embeddable":true,"href":"https:\/\/dantepinturerias.com\/international\/wp-json\/wp\/v2\/product_tag?post=525"}],"curies":[{"name":"wp","href":"https:\/\/api.w.org\/{rel}","templated":true}]}}