{"id":743,"date":"2024-05-10T17:32:02","date_gmt":"2024-05-10T20:32:02","guid":{"rendered":"https:\/\/dantepinturerias.com\/international\/producto\/chartek-7e\/"},"modified":"2024-06-21T22:30:28","modified_gmt":"2024-06-22T01:30:28","slug":"chartek-7e","status":"publish","type":"product","link":"https:\/\/dantepinturerias.com\/international\/producto\/chartek-7e\/","title":{"rendered":"Chartek 7E"},"content":{"rendered":"<h3>Caracter\u00edsticas<\/h3>\n<table>\n<tr>\n<td>Qu\u00edmica del Producto<\/td>\n<td>Epoxy Intumescent<\/td>\n<\/tr>\n<tr>\n<td>S\u00f3lidos de Volumen<\/td>\n<td>100<\/td>\n<\/tr>\n<tr>\n<td>Contenido VOC (m\u00e9todo EPA)<\/td>\n<td>11 g\/lt<\/td>\n<\/tr>\n<tr>\n<td>Opciones de Color<\/td>\n<td>Medium Grey<\/td>\n<\/tr>\n<tr>\n<td>N\u00famero de componentes<\/td>\n<td>Multi Pack<\/td>\n<\/tr>\n<tr>\n<td>Attributes<\/td>\n<td>Solvent Free<\/td>\n<\/tr>\n<\/table>\n","protected":false},"excerpt":{"rendered":"<p>Chartek 7E, un recubrimiento ep\u00f3xico autorreforzado, simplifica la aplicaci\u00f3n, brindando a la industria del petr\u00f3leo y el gas m\u00e1s opciones y mayor eficiencia que nunca. Chartek 7E ofrece una excelente resistencia al fuego de piscinas y chorros de hasta dos horas y una reducci\u00f3n significativa del peso instalado en comparaci\u00f3n con otros productos PFP del mercado. <a href=\"https:\/\/international.brand.akzonobel.com\/m\/35c19b87b5d77e05\/original\/Chartek_7E_spa_A4_20220831.pdf\" target=\"_blank\" class=\"btFicha\" download rel=\"noopener\">Ver Ficha T\u00e9cnica<\/a><\/p>\n","protected":false},"featured_media":744,"template":"","meta":[],"product_cat":[23],"product_tag":[],"class_list":{"0":"post-743","1":"product","2":"type-product","3":"status-publish","4":"has-post-thumbnail","6":"product_cat-proteccion-pasiva-contra-incendios","8":"first","9":"instock","10":"purchasable","11":"product-type-simple"},"_links":{"self":[{"href":"https:\/\/dantepinturerias.com\/international\/wp-json\/wp\/v2\/product\/743","targetHints":{"allow":["GET"]}}],"collection":[{"href":"https:\/\/dantepinturerias.com\/international\/wp-json\/wp\/v2\/product"}],"about":[{"href":"https:\/\/dantepinturerias.com\/international\/wp-json\/wp\/v2\/types\/product"}],"wp:featuredmedia":[{"embeddable":true,"href":"https:\/\/dantepinturerias.com\/international\/wp-json\/wp\/v2\/media\/744"}],"wp:attachment":[{"href":"https:\/\/dantepinturerias.com\/international\/wp-json\/wp\/v2\/media?parent=743"}],"wp:term":[{"taxonomy":"product_cat","embeddable":true,"href":"https:\/\/dantepinturerias.com\/international\/wp-json\/wp\/v2\/product_cat?post=743"},{"taxonomy":"product_tag","embeddable":true,"href":"https:\/\/dantepinturerias.com\/international\/wp-json\/wp\/v2\/product_tag?post=743"}],"curies":[{"name":"wp","href":"https:\/\/api.w.org\/{rel}","templated":true}]}}