{"id":773,"date":"2024-05-10T17:34:10","date_gmt":"2024-05-10T20:34:10","guid":{"rendered":"https:\/\/dantepinturerias.com\/international\/producto\/intertherm-7050\/"},"modified":"2024-06-21T22:30:24","modified_gmt":"2024-06-22T01:30:24","slug":"intertherm-7050","status":"publish","type":"product","link":"https:\/\/dantepinturerias.com\/international\/producto\/intertherm-7050\/","title":{"rendered":"Intertherm 7050"},"content":{"rendered":"<h3>Caracter\u00edsticas<\/h3>\n<table>\n<tr>\n<td>Qu\u00edmica del Producto<\/td>\n<td>Syntactic Insulation<\/td>\n<\/tr>\n<tr>\n<td>S\u00f3lidos de Volumen<\/td>\n<td>100<\/td>\n<\/tr>\n<tr>\n<td>Contenido VOC (m\u00e9todo EPA)<\/td>\n<td>0 g\/lt<\/td>\n<\/tr>\n<tr>\n<td>Opciones de Color<\/td>\n<td>Pale Pink<\/td>\n<\/tr>\n<tr>\n<td>Espesor m\u00e1ximo de pel\u00edcula seca<\/td>\n<td>50800<\/td>\n<\/tr>\n<tr>\n<td>Espesor m\u00ednimo de pel\u00edcula seca<\/td>\n<td>2000<\/td>\n<\/tr>\n<tr>\n<td>N\u00famero de componentes<\/td>\n<td>Multi Pack<\/td>\n<\/tr>\n<tr>\n<td>Attributes<\/td>\n<td>Solvent Free<\/td>\n<\/tr>\n<\/table>\n","protected":false},"excerpt":{"rendered":"<p>Intertherm 7050 es un epoxi duradero y sin disolventes de alto rendimiento para uso en condiciones de fr\u00edo o calor, donde se requiere protecci\u00f3n contra la corrosi\u00f3n y aislamiento t\u00e9rmico a largo plazo. El bajo peso instalado y la excelente resistencia a da\u00f1os e impactos hacen que Intertherm 7050 sea ideal para la fabricaci\u00f3n de m\u00f3dulos fuera del sitio. Los sistemas d\u00faplex con Chartek brindan protecci\u00f3n contra incendios y derrames criog\u00e9nicos. <a href=\"https:\/\/international.brand.akzonobel.com\/m\/3fbbd27870afc9d0\/original\/Intertherm_7050_spa_A4_20090707.pdf\" target=\"_blank\" class=\"btFicha\" download rel=\"noopener\">Ver Ficha T\u00e9cnica<\/a><\/p>\n","protected":false},"featured_media":774,"template":"","meta":[],"product_cat":[23],"product_tag":[],"class_list":{"0":"post-773","1":"product","2":"type-product","3":"status-publish","4":"has-post-thumbnail","6":"product_cat-proteccion-pasiva-contra-incendios","8":"first","9":"instock","10":"purchasable","11":"product-type-simple"},"_links":{"self":[{"href":"https:\/\/dantepinturerias.com\/international\/wp-json\/wp\/v2\/product\/773","targetHints":{"allow":["GET"]}}],"collection":[{"href":"https:\/\/dantepinturerias.com\/international\/wp-json\/wp\/v2\/product"}],"about":[{"href":"https:\/\/dantepinturerias.com\/international\/wp-json\/wp\/v2\/types\/product"}],"wp:featuredmedia":[{"embeddable":true,"href":"https:\/\/dantepinturerias.com\/international\/wp-json\/wp\/v2\/media\/774"}],"wp:attachment":[{"href":"https:\/\/dantepinturerias.com\/international\/wp-json\/wp\/v2\/media?parent=773"}],"wp:term":[{"taxonomy":"product_cat","embeddable":true,"href":"https:\/\/dantepinturerias.com\/international\/wp-json\/wp\/v2\/product_cat?post=773"},{"taxonomy":"product_tag","embeddable":true,"href":"https:\/\/dantepinturerias.com\/international\/wp-json\/wp\/v2\/product_tag?post=773"}],"curies":[{"name":"wp","href":"https:\/\/api.w.org\/{rel}","templated":true}]}}