{"id":810,"date":"2024-05-11T02:05:07","date_gmt":"2024-05-11T05:05:07","guid":{"rendered":"https:\/\/dantepinturerias.com\/international\/producto\/intercrete-4854-antes-cemprotec-ef-grit\/"},"modified":"2024-06-21T22:30:04","modified_gmt":"2024-06-22T01:30:04","slug":"intercrete-4854-antes-cemprotec-ef-grit","status":"publish","type":"product","link":"https:\/\/dantepinturerias.com\/international\/producto\/intercrete-4854-antes-cemprotec-ef-grit\/","title":{"rendered":"Intercrete 4854"},"content":{"rendered":"<h3>Caracter\u00edsticas<\/h3>\n<table>\n<tr>\n<td>Qu\u00edmica del Producto<\/td>\n<td>Aggregate<\/td>\n<\/tr>\n<tr>\n<td>Contenido VOC (m\u00e9todo EPA)<\/td>\n<td>g\/lt<\/td>\n<\/tr>\n<tr>\n<td>N\u00famero de componentes<\/td>\n<td>Single Pack<\/td>\n<\/tr>\n<\/table>\n","protected":false},"excerpt":{"rendered":"<p>Dise\u00f1ado espec\u00edficamente para esparcirse en la superficie de los recubrimientos INTERCRETE para ayudar al curado y proporcionar un acabado duradero, antideslizante y resistente a la abrasi\u00f3n. El grano INTERCRETE 4854 proporciona una superficie resistente y antideslizante que brindar\u00e1 la m\u00e1xima protecci\u00f3n contra el tr\u00e1nsito peatonal, el uso de sillas de ruedas, el impacto de objetos pesados \u200b\u200by el ataque de los elementos. <a href=\"https:\/\/international.brand.akzonobel.com\/m\/3006e7716c438a35\/original\/Intercrete_4854_eng_A4_20190304.pdf\" target=\"_blank\" class=\"btFicha\" download rel=\"noopener\">Ver Ficha T\u00e9cnica<\/a><\/p>\n","protected":false},"featured_media":891,"template":"","meta":[],"product_cat":[24],"product_tag":[],"class_list":{"0":"post-810","1":"product","2":"type-product","3":"status-publish","4":"has-post-thumbnail","6":"product_cat-hormigon-estructural","8":"first","9":"instock","10":"purchasable","11":"product-type-simple"},"_links":{"self":[{"href":"https:\/\/dantepinturerias.com\/international\/wp-json\/wp\/v2\/product\/810","targetHints":{"allow":["GET"]}}],"collection":[{"href":"https:\/\/dantepinturerias.com\/international\/wp-json\/wp\/v2\/product"}],"about":[{"href":"https:\/\/dantepinturerias.com\/international\/wp-json\/wp\/v2\/types\/product"}],"wp:featuredmedia":[{"embeddable":true,"href":"https:\/\/dantepinturerias.com\/international\/wp-json\/wp\/v2\/media\/891"}],"wp:attachment":[{"href":"https:\/\/dantepinturerias.com\/international\/wp-json\/wp\/v2\/media?parent=810"}],"wp:term":[{"taxonomy":"product_cat","embeddable":true,"href":"https:\/\/dantepinturerias.com\/international\/wp-json\/wp\/v2\/product_cat?post=810"},{"taxonomy":"product_tag","embeddable":true,"href":"https:\/\/dantepinturerias.com\/international\/wp-json\/wp\/v2\/product_tag?post=810"}],"curies":[{"name":"wp","href":"https:\/\/api.w.org\/{rel}","templated":true}]}}