{"id":814,"date":"2024-05-11T02:05:07","date_gmt":"2024-05-11T05:05:07","guid":{"rendered":"https:\/\/dantepinturerias.com\/international\/producto\/intercrete-4800-antes-monomix-ws\/"},"modified":"2024-06-21T22:30:05","modified_gmt":"2024-06-22T01:30:05","slug":"intercrete-4800-antes-monomix-ws","status":"publish","type":"product","link":"https:\/\/dantepinturerias.com\/international\/producto\/intercrete-4800-antes-monomix-ws\/","title":{"rendered":"Intercrete 4800"},"content":{"rendered":"<h3>Caracter\u00edsticas<\/h3>\n<table>\n<tr>\n<td>Qu\u00edmica del Producto<\/td>\n<td>Structural Repair Mortar<\/td>\n<\/tr>\n<tr>\n<td>S\u00f3lidos de Volumen<\/td>\n<td>100<\/td>\n<\/tr>\n<tr>\n<td>Contenido VOC (m\u00e9todo EPA)<\/td>\n<td>g\/lt<\/td>\n<\/tr>\n<tr>\n<td>Opciones de Color<\/td>\n<td>Grey<\/td>\n<\/tr>\n<tr>\n<td>N\u00famero de componentes<\/td>\n<td>Single Pack<\/td>\n<\/tr>\n<\/table>\n","protected":false},"excerpt":{"rendered":"<p>Dise\u00f1ado espec\u00edficamente para la reparaci\u00f3n estructural de uso general y la restauraci\u00f3n de hormig\u00f3n en aplicaciones de una sola capa de hasta 80 mm en una sola capa. Intercrete 4800 ofrece baja permeabilidad al agua a 10 bar de presi\u00f3n positiva y negativa a lo largo con excelente resistencia al gas di\u00f3xido de carbono y a la difusi\u00f3n de iones cloruro. Marcado CE de acuerdo con BS EN 1504-3, Clase R3. Adecuado para los m\u00e9todos de reparaci\u00f3n 3.1, 3.3, 7.1, 7.2 seg\u00fan se define en BS EN 1504-3. <a href=\"https:\/\/international.brand.akzonobel.com\/m\/726895459f975dbf\/original\/Intercrete_4800_eng_A4_20190412.pdf\" target=\"_blank\" class=\"btFicha\" download rel=\"noopener\">Ver Ficha T\u00e9cnica<\/a><\/p>\n","protected":false},"featured_media":893,"template":"","meta":[],"product_cat":[24],"product_tag":[],"class_list":{"0":"post-814","1":"product","2":"type-product","3":"status-publish","4":"has-post-thumbnail","6":"product_cat-hormigon-estructural","8":"first","9":"instock","10":"purchasable","11":"product-type-simple"},"_links":{"self":[{"href":"https:\/\/dantepinturerias.com\/international\/wp-json\/wp\/v2\/product\/814","targetHints":{"allow":["GET"]}}],"collection":[{"href":"https:\/\/dantepinturerias.com\/international\/wp-json\/wp\/v2\/product"}],"about":[{"href":"https:\/\/dantepinturerias.com\/international\/wp-json\/wp\/v2\/types\/product"}],"wp:featuredmedia":[{"embeddable":true,"href":"https:\/\/dantepinturerias.com\/international\/wp-json\/wp\/v2\/media\/893"}],"wp:attachment":[{"href":"https:\/\/dantepinturerias.com\/international\/wp-json\/wp\/v2\/media?parent=814"}],"wp:term":[{"taxonomy":"product_cat","embeddable":true,"href":"https:\/\/dantepinturerias.com\/international\/wp-json\/wp\/v2\/product_cat?post=814"},{"taxonomy":"product_tag","embeddable":true,"href":"https:\/\/dantepinturerias.com\/international\/wp-json\/wp\/v2\/product_tag?post=814"}],"curies":[{"name":"wp","href":"https:\/\/api.w.org\/{rel}","templated":true}]}}