{"id":816,"date":"2024-05-11T02:05:07","date_gmt":"2024-05-11T05:05:07","guid":{"rendered":"https:\/\/dantepinturerias.com\/international\/producto\/intercrete-4878-antes-cemprotec-flex-tape\/"},"modified":"2024-06-21T22:30:04","modified_gmt":"2024-06-22T01:30:04","slug":"intercrete-4878-antes-cemprotec-flex-tape","status":"publish","type":"product","link":"https:\/\/dantepinturerias.com\/international\/producto\/intercrete-4878-antes-cemprotec-flex-tape\/","title":{"rendered":"Intercrete 4878"},"content":{"rendered":"<h3>Caracter\u00edsticas<\/h3>\n<table>\n<tr>\n<td>Qu\u00edmica del Producto<\/td>\n<td>Flexible Waterproof Sealing Tape<\/td>\n<\/tr>\n<tr>\n<td>Contenido VOC (m\u00e9todo EPA)<\/td>\n<td>g\/lt<\/td>\n<\/tr>\n<tr>\n<td>N\u00famero de componentes<\/td>\n<td>Single Pack<\/td>\n<\/tr>\n<\/table>\n","protected":false},"excerpt":{"rendered":"<p>Especialmente dise\u00f1ado para una f\u00e1cil integraci\u00f3n en la gama Intercrete de revestimientos protectores decorativos para garantizar la continuidad de un acabado sin costuras sobre grietas o juntas, y en uniones entre sustratos diferentes. Disponible en dos grados, el grado Light Duty se puede usar para cubrir grietas y juntas est\u00e1ticas, mientras que para grietas y juntas m\u00e1s grandes que est\u00e1n sujetas a movimiento, se recomienda el grado Heavy Duty. Al introducir Intercrete 4878 en la membrana aplicada, se asegura un acabado totalmente impermeable y permanentemente flexible. Intercrete 4878 no se degrada y es adecuado para aplicaciones internas y externas. <a href=\"https:\/\/international.brand.akzonobel.com\/m\/17477da02b0fb7ec\/original\/Intercrete_4878_eng_A4_20190304.pdf\" target=\"_blank\" class=\"btFicha\" download rel=\"noopener\">Ver Ficha T\u00e9cnica<\/a><\/p>\n","protected":false},"featured_media":894,"template":"","meta":[],"product_cat":[24],"product_tag":[],"class_list":{"0":"post-816","1":"product","2":"type-product","3":"status-publish","4":"has-post-thumbnail","6":"product_cat-hormigon-estructural","8":"first","9":"instock","10":"purchasable","11":"product-type-simple"},"_links":{"self":[{"href":"https:\/\/dantepinturerias.com\/international\/wp-json\/wp\/v2\/product\/816","targetHints":{"allow":["GET"]}}],"collection":[{"href":"https:\/\/dantepinturerias.com\/international\/wp-json\/wp\/v2\/product"}],"about":[{"href":"https:\/\/dantepinturerias.com\/international\/wp-json\/wp\/v2\/types\/product"}],"wp:featuredmedia":[{"embeddable":true,"href":"https:\/\/dantepinturerias.com\/international\/wp-json\/wp\/v2\/media\/894"}],"wp:attachment":[{"href":"https:\/\/dantepinturerias.com\/international\/wp-json\/wp\/v2\/media?parent=816"}],"wp:term":[{"taxonomy":"product_cat","embeddable":true,"href":"https:\/\/dantepinturerias.com\/international\/wp-json\/wp\/v2\/product_cat?post=816"},{"taxonomy":"product_tag","embeddable":true,"href":"https:\/\/dantepinturerias.com\/international\/wp-json\/wp\/v2\/product_tag?post=816"}],"curies":[{"name":"wp","href":"https:\/\/api.w.org\/{rel}","templated":true}]}}