{"id":858,"date":"2024-05-10T17:41:14","date_gmt":"2024-05-10T20:41:14","guid":{"rendered":"https:\/\/dantepinturerias.com\/international\/producto\/interbond-1202upc\/"},"modified":"2024-06-21T22:30:21","modified_gmt":"2024-06-22T01:30:21","slug":"interbond-1202upc","status":"publish","type":"product","link":"https:\/\/dantepinturerias.com\/international\/producto\/interbond-1202upc\/","title":{"rendered":"Interbond 1202UPC"},"content":{"rendered":"<h3>Caracter\u00edsticas<\/h3>\n<table>\n<tr>\n<td>Qu\u00edmica del Producto<\/td>\n<td>Universal Pipe Coating<\/td>\n<\/tr>\n<tr>\n<td>S\u00f3lidos de Volumen<\/td>\n<td>56<\/td>\n<\/tr>\n<tr>\n<td>Contenido VOC (m\u00e9todo EPA)<\/td>\n<td>410 g\/lt<\/td>\n<\/tr>\n<tr>\n<td>Opciones de Color<\/td>\n<td>Metallic Grey<\/td>\n<\/tr>\n<tr>\n<td>Espesor m\u00e1ximo de pel\u00edcula seca<\/td>\n<td>200<\/td>\n<\/tr>\n<tr>\n<td>Espesor m\u00ednimo de pel\u00edcula seca<\/td>\n<td>100<\/td>\n<\/tr>\n<tr>\n<td>N\u00famero de componentes<\/td>\n<td>Multi Pack<\/td>\n<\/tr>\n<\/table>\n","protected":false},"excerpt":{"rendered":"<p>Interbond 1202UPC es un recubrimiento de tuber\u00eda universal que proporciona protecci\u00f3n externa para tuber\u00edas y accesorios sobre el suelo que funcionan entre -196\u00baC (-321\u00baF) y 650\u00baC (1202\u00baF). Interbond 1202UPC reduce la complejidad del recubrimiento y los costos generales de pintura del proyecto al estandarizar las especificaciones del recubrimiento, proporcionando una excelente protecci\u00f3n contra la corrosi\u00f3n en una amplia gama de entornos operativos, incluida la corrosi\u00f3n bajo condiciones de aislamiento (CUI). Basado en un sistema de resina de copol\u00edmero inorg\u00e1nico, Interbond 1202UPC cumple con los criterios de rendimiento de la prueba de envejecimiento c\u00edclico ISO12944-9, sin imprimaci\u00f3n. <a href=\"https:\/\/international.brand.akzonobel.com\/m\/386d0d545b0c2fa4\/original\/Interbond_1202UPC_spa_usa_LTR_20210907.pdf\" target=\"_blank\" class=\"btFicha\" download rel=\"noopener\">Ver Ficha T\u00e9cnica<\/a><\/p>\n","protected":false},"featured_media":859,"template":"","meta":[],"product_cat":[26],"product_tag":[],"class_list":{"0":"post-858","1":"product","2":"type-product","3":"status-publish","4":"has-post-thumbnail","6":"product_cat-resistencia-a-la-temperatura","8":"first","9":"instock","10":"purchasable","11":"product-type-simple"},"_links":{"self":[{"href":"https:\/\/dantepinturerias.com\/international\/wp-json\/wp\/v2\/product\/858","targetHints":{"allow":["GET"]}}],"collection":[{"href":"https:\/\/dantepinturerias.com\/international\/wp-json\/wp\/v2\/product"}],"about":[{"href":"https:\/\/dantepinturerias.com\/international\/wp-json\/wp\/v2\/types\/product"}],"wp:featuredmedia":[{"embeddable":true,"href":"https:\/\/dantepinturerias.com\/international\/wp-json\/wp\/v2\/media\/859"}],"wp:attachment":[{"href":"https:\/\/dantepinturerias.com\/international\/wp-json\/wp\/v2\/media?parent=858"}],"wp:term":[{"taxonomy":"product_cat","embeddable":true,"href":"https:\/\/dantepinturerias.com\/international\/wp-json\/wp\/v2\/product_cat?post=858"},{"taxonomy":"product_tag","embeddable":true,"href":"https:\/\/dantepinturerias.com\/international\/wp-json\/wp\/v2\/product_tag?post=858"}],"curies":[{"name":"wp","href":"https:\/\/api.w.org\/{rel}","templated":true}]}}